)). Suppose x*s - 199 = -31. What are the prime factors of s?
2, 7
Suppose 2108 = 17*g - 3349. What are the prime factors of g?
3, 107
Let r be 66/(-10) - (-2)/(-5). Let b(q) be the third derivative of q**6/120 + 7*q**5/60 - q**4/24 + 4*q**3/3 - 17*q**2 - 3*q. List the prime factors of b(r).
3, 5
Let a = 238 - 227. Let h be (-2)/(-8) - (-67)/4. Suppose -u + h = -a. What are the prime factors of u?
2, 7
Suppose 405 = 4*k - 0*s + s, -5*k = s - 506. What are the prime factors of k?
101
Let n be (-1)/6 - 93/(-18). Let x = 8 - n. List the prime factors of x.
3
Let c = -1380 + 2468. What are the prime factors of c?
2, 17
Let q = 45 + -39. Suppose 0 = -x + 44 - q. What are the prime factors of x?
2, 19
Let v(a) = -2*a**3 + 14*a**2 + 2. Let i be v(7). Suppose 2*z - h + 2*h - 66 = 0, 0 = 2*z + i*h - 70. List the prime factors of z.
31
Let v(g) = g**3 - 3*g**2 + 8*g + 6. Let a = 13 + -7. List the prime factors of v(a).
2, 3
Suppose -168 = 4*s - 4*y, 4*s + 0*y - 3*y = -169. Let q = 118 - s. What are the prime factors of q?
7, 23
Suppose 4*x + 4*f - 1772 = 0, -2*x + 5*f + 1195 - 288 = 0. What are the prime factors of x?
2, 223
Suppose 17*a - 7392 = 5902. List the prime factors of a.
2, 17, 23
Suppose -10*l + 0*l = -5140. What are the prime factors of l?
2, 257
Suppose -3*s - 4*j + 1237 = 0, 4*s + j = -3*j + 1656. List the prime factors of s.
419
Suppose 5*o - 420 = 7*z - 12*z, -2*o + 3*z = -178. List the prime factors of o.
2, 43
Suppose -289*x - 31812 = -322*x. List the prime factors of x.
2, 241
Suppose 0*k + 7*k = -140. Let p(v) = 3*v - 2. Let m be p(2). List the prime factors of ((-230)/k)/(1/m).
2, 23
Suppose -2*i + 57 = -l - 9, -2*l = 3*i + 139. Let a be -30 - 1/(4/(-16)). Let h = a - l. What are the prime factors of h?
2, 3, 7
Let g be (-3)/(-5) + (-17706)/(-65). Suppose 0*b + g = b. Suppose 5*p - b + 13 = 5*h, 223 = 4*p + h. What are the prime factors of p?
5, 11
What are the prime factors of (2062 - 2)*3/6?
2, 5, 103
Let s(g) = g**2 - 7*g + 2. Let l be s(7). Suppose l*x + 4*a = 12, 3*a = -4*x - 2*a + 39. Let r = 34 - x. List the prime factors of r.
2, 3
Let n = -8 + 11. Let t be (2/6)/(-2 + (-65)/(-30)). Suppose 0 = -3*z - n*s + 156, -272 = -5*z - t*s + s. What are the prime factors of z?
5, 11
Suppose -6856 - 9408 = -8*n. List the prime factors of n.
19, 107
Suppose -6*z = -6181 + 2443. What are the prime factors of z?
7, 89
Suppose 191*u + 363 = 192*u. List the prime factors of u.
3, 11
Let h(v) = v**2 - 6*v - 14. Let g be h(-6). Suppose -x - 3*f + g + 55 = 0, -220 = -2*x - 4*f. What are the prime factors of x?
2, 13
Let n be (-44)/(-110) - (-18)/5. Suppose n*p + 4*i = -0*i + 276, 0 = 3*p - 3*i - 213. List the prime factors of p.
2, 5, 7
Let k = 21 + -11. Let m be (0 - (-2)/5)*k. What are the prime factors of (-10)/m*(-126)/15?
3, 7
Suppose a - 155 = -z, -7 + 1 = 3*a. List the prime factors of z.
157
Let h = -10 + 6. Let l(a) = -13*a - 6. Let p(r) = -7*r - 3. Let j(w) = h*l(w) + 9*p(w). List the prime factors of j(-2).
19
List the prime factors of (114 - -2)*21/14.
2, 3, 29
Suppose -2*n = 4*j - 1552, j - 388 = 4*n - 5*n. What are the prime factors of j?
2, 97
Let c(u) = -28 + 14 + 8*u + u**2 + 14. Let o be c(-4). List the prime factors of -19 - o - 22*-2.
41
Let t = -665 + 982. List the prime factors of t.
317
Let o = -5 - -7. What are the prime factors of ((-18)/24)/(o/(-200))?
3, 5
Suppose 0 = 2*s + 5*j, -6*j + 9 = 3*s - 3*j. Suppose 2*y + s*u = -1, 0 = -2*u + 3*u + 5. List the prime factors of y.
2, 3
Suppose -2*i = -s + 31, s + s - 34 = -3*i. Let v(w) = -w**2 + 30*w - 22. What are the prime factors of v(s)?
139
Let r be 3/4*4 - 555. Suppose 0 = -0*m + 5*m - 20. List the prime factors of m/14 - r/28.
2, 5
Let o(p) be the second derivative of p**3/2 + 2*p**2 + 8*p. Let d = 7 + -2. What are the prime factors of o(d)?
19
Suppose -158*j + 140*j + 50580 = 0. What are the prime factors of j?
2, 5, 281
Let m(a) = -a**3 - 5*a**2 + 5*a + 3. Let g be m(-6). List the prime factors of -154*(g/6 + -2).
7, 11
Let h = 498 + -30. What are the prime factors of h?
2, 3, 13
Let w = 1 - -2. Suppose 5*d + 5*m = 7785, -w*m - 3129 = -d - d. What are the prime factors of d/25 + 4/(-10)?
2, 31
Let p = 330 + 381. What are the prime factors of p?
3, 79
Suppose 17*r - 6 = 14*r. Suppose r*c - 20 = -2*x + 6*x, -5*x = -4*c + 25. Suppose 0 = 5*f + b - c*b - 61, 5*b + 85 = 5*f. List the prime factors of f.
13
Suppose -3*m - 840 = -3*b, -556 = -4*b + 2*b + m. Suppose 2*p - 345 = -3*p + 5*h, 0 = 4*p + 2*h - b. List the prime factors of p.
3, 23
Let u(t) be the third derivative of -t**6/24 + t**5/60 + t**4/8 - t**3/2 - 6*t**2. Let q be u(-3). Suppose 4*n - q - 108 = 0. What are the prime factors of n?
2, 3, 5
Suppose 4*x - 2*k + 789 - 2539 = 0, 4*k - 1732 = -4*x. What are the prime factors of x?
2, 109
Let j(z) = 2*z**3 - 4*z + 1. Let o be j(-2). Let l(n) = 4*n**2 + 2*n + 2. List the prime factors of l(o).
2, 23
Let d(g) = -1 - g - 2*g**2 - 2*g - 1 + 9*g. Let t be d(2). Suppose 332 = 4*s - 4*n, t*n - 34 = s - 121. List the prime factors of s.
79
Let w = 34 + -32. Suppose m + 3*u - 94 = -m, 0 = 2*m - w*u - 94. List the prime factors of m.
47
Suppose 32049 = 120*f - 142311. List the prime factors of f.
1453
Suppose -7 = -4*s + 3*s. Suppose 3*f = s*f. Suppose -x = 7*q - 2*q - 93, f = 2*q - x - 33. What are the prime factors of q?
2, 3
Let i = -3 + 1. Let h be (2 - 0) + i - 30. List the prime factors of ((-8)/20 + 0)*h.
2, 3
Let i(w) = 253*w - 89. List the prime factors of i(17).
2, 3, 13
Let b(o) = 2 - 4 + 0*o + o + 1. Let f be b(3). Suppose f*c = c + 36. What are the prime factors of c?
2, 3
List the prime factors of 278/8*(0 + 120).
2, 3, 5, 139
Let f = 459 - -2533. What are the prime factors of f?
2, 11, 17
Let u(a) = -2 - 21*a**2 + 13*a + 8*a**2 - 8 + 16*a**2. What are the prime factors of u(-6)?
2, 5
Let b(s) = 512*s**2 - 31*s + 92. What are the prime factors of b(3)?
17, 271
Let n(g) = 100*g**2 + 14*g + 161. What are the prime factors of n(-6)?
3677
Let i(j) = j**3 - 16*j**2 - 35*j - 14. Let p be i(18). Let u = 2 - 0. Suppose -p*t + 6 = -u. List the prime factors of t.
2
Suppose 0 = 5*l - 0*l + 3*g - 213, 0 = 3*l - 4*g - 151. What are the prime factors of 730/l - (-2)/(-9)?
2
Let j = 1312 + -763. List the prime factors of j.
3, 61
Let i = -61 + 60. What are the prime factors of (-950)/(-18) + i - 96/(-432)?
2, 13
Suppose 3*y + 5*y = 72. Let o = y - -156. List the prime factors of o.
3, 5, 11
Let y be (-741)/(-3) + 7 + -10. Suppose 6*n - y = 68. List the prime factors of n.
2, 13
Suppose 0*q + 4584 = 4*q. What are the prime factors of q/10 + (4/(-10))/(-1)?
5, 23
Let t(r) = r**2 - 4*r + 7. Let c be t(5). Let b be (-92)/(-22) - (-106)/(-583). List the prime factors of 476/c - b/(-3).
41
Let z = 19 - 14. Suppose z*r - 2*t - 30 = r, 4*r - t = 33. Suppose r*n - 24 = 5*n. List the prime factors of n.
2, 3
Let g(w) = -w**2 + 13*w - 20. Let t be g(11). Suppose -5*y + 33 = -t*y. What are the prime factors of y?
11
Let p = 124 + -64. Let y be ((-8)/(-12))/((-8)/p). Let i = 14 + y. What are the prime factors of i?
3
Let b(w) be the second derivative of w**5/20 + w**4/3 - 4*w**3/3 - 3*w**2/2 + 15*w + 1. List the prime factors of b(6).
3, 103
What are the prime factors of (1 - -1872) + (-413)/(-59)?
2, 5, 47
Suppose -u - 310 = m - 3*m, -5*u - 146 = -m. Suppose 0 = -7*w + w + m. Suppose 5*t = -w + 151. List the prime factors of t.
5
Let u(x) = -502*x + 10. List the prime factors of u(-2).
2, 3, 13
Let u(g) = g**3 - 6*g**2 + 5*g + 3. Let q be u(5). Let c(l) = q*l**2 + l - l**3 - 2*l + l**2 - l. What are the prime factors of c(3)?
3
Suppose -13 = -2*n + 69. Suppose 0 = f - n - 67. List the prime factors of f.
2, 3
Let l(m) = -157*m + 74. List the prime factors of l(-9).
1487
Let n be 16/6*1*6. Suppose 0 = 2*k - k - n. Suppose k = -3*i + 49. List the prime factors of i.
11
Let n(r) = -r**3 + 4*r**2 + 2*r + 3. Let b be n(3). Let c = 203 + -203. Let h = b - c. What are the prime factors of h?
2, 3
Suppose 3*w = -0*w + 66. Suppose 4*p + w = 34. What are the prime factors of p?
3
Suppose -3*n = n + 4, 0 = -5*f + n - 34. Let y = f - -22. Let m = y - -1. List the prime factors of m.
2
Let x = 4 - 3. Let y = 10 + x. Let z(c) = -c**2 + 13*c + 6. List the prime factors of z(y).
2, 7
Let f be -3